7, what is -35141 + -1?
-35142
In base 5, what is 1102 - 31?
1021
In base 14, what is 0 - 51?
-51
In base 9, what is -2637 - -4?
-2633
In base 8, what is 350 - 211?
137
In base 9, what is -4 - 5808?
-5813
In base 4, what is 21 + -11310?
-11223
In base 8, what is 23 - -2754?
2777
In base 10, what is -190 + -7?
-197
In base 10, what is -1 - -122?
121
In base 10, what is 200 + -2?
198
In base 13, what is 3 - 15b?
-158
In base 16, what is 3 + -16d?
-16a
In base 5, what is 24 - 100?
-21
In base 12, what is 79 + -2?
77
In base 11, what is 249 - -3?
251
In base 11, what is -1493 - -4?
-148a
In base 7, what is -40 - 5?
-45
In base 13, what is 1598 + 2?
159a
In base 6, what is -24 + 123?
55
In base 3, what is 21220 + -1?
21212
In base 15, what is -b + -8?
-14
In base 6, what is -1 - -2514?
2513
In base 11, what is -3 + -63?
-66
In base 5, what is 12 - -1?
13
In base 10, what is 21 - -105?
126
In base 5, what is -1 + 3004?
3003
In base 16, what is 0 - -5b?
5b
In base 3, what is 10 - 220?
-210
In base 14, what is 19 + -4?
15
In base 7, what is -4 + -143?
-150
In base 7, what is -1522 - -2?
-1520
In base 3, what is 20 + 212?
1002
In base 16, what is 2d + -3?
2a
In base 14, what is -3c - -d?
-2d
In base 8, what is -1340 - -2?
-1336
In base 4, what is 1 - 31121?
-31120
In base 10, what is 1170 + -1?
1169
In base 8, what is 623 - 2?
621
In base 3, what is 10 - 2?
1
In base 7, what is 5 - -16?
24
In base 7, what is -16 - 13?
-32
In base 16, what is -282 + -3?
-285
In base 9, what is -405 - 7?
-413
In base 3, what is 10 - -1001?
1011
In base 6, what is -4242 - 0?
-4242
In base 15, what is -12 - -1?
-11
In base 7, what is 11 - -302?
313
In base 2, what is 1011 - 1?
1010
In base 5, what is -104310 + -10?
-104320
In base 14, what is -12b + 3?
-128
In base 16, what is 1 + 58?
59
In base 15, what is 5 - 147?
-142
In base 7, what is -2 - 3531?
-3533
In base 3, what is 12 - 110?
-21
In base 4, what is 323 + -11?
312
In base 12, what is -2 + -48?
-4a
In base 6, what is -4 - 12313?
-12321
In base 6, what is 4 + 10?
14
In base 5, what is -4 + -2?
-11
In base 12, what is -10 - -8?
-4
In base 5, what is -30122 - -4?
-30113
In base 11, what is -252 + -12?
-264
In base 14, what is -160d + 4?
-1609
In base 14, what is d60 - -3?
d63
In base 5, what is -213 + 300?
32
In base 3, what is -1022111222 - 2?
-1022112001
In base 5, what is 123 + 11340?
12013
In base 2, what is 1 + -110010?
-110001
In base 15, what is 2 + -1d3?
-1d1
In base 5, what is -300 + -4?
-304
In base 5, what is 112114 - -10?
112124
In base 3, what is 10 - 2010100?
-2010020
In base 8, what is 3 - -45?
50
In base 7, what is 20 - -65?
115
In base 8, what is 2 + -54?
-52
In base 11, what is -238 + 5?
-233
In base 3, what is 1101121 - -12?
1101210
In base 4, what is 21000 + 0?
21000
In base 4, what is -10 - -131?
121
In base 5, what is 2 + -4000?
-3443
In base 13, what is -9 + -1a?
-26
In base 16, what is -1e + 10?
-e
In base 15, what is -1c6 - 41?
-217
In base 10, what is 110 - 0?
110
In base 5, what is -2 - -2?
0
In base 11, what is 1 - 994?
-993
In base 9, what is 2 + -166?
-164
In base 6, what is 1505 + -5?
1500
In base 4, what is -100 - 1?
-101
In base 13, what is -3 - -563?
560
In base 3, what is 1 - 2022?
-2021
In base 12, what is 54b - 5?
546
In base 14, what is 13 + bc?
d1
In base 16, what is -4cf - 4?
-4d3
In base 10, what is -1 - 128?
-129
In base 5, what is 14 - -21?
40
In base 5, what is 1110413 + 1?
1110414
In base 11, what is 2 + -4a?
-48
In base 4, what is -10 - 23011?
-23021
In base 7, what is 0 - -20?
20
In base 15, what is -9a3 - 2?
-9a5
In base 4, what is -311 + -30?
-1001
In base 11, what is 339 + 9?
347
In base 10, what is 219 - -14?
233
In base 4, what is 1 - -1110020?
1110021
In base 15, what is -9 - -58?
4e
In base 15, what is -3 + 1984?
1981
In base 5, what is 400 - -2312?
3212
In base 12, what is -168 - 5?
-171
In base 7, what is -34 + 0?
-34
In base 10, what is -532 - -51?
-481
In base 16, what is 18 - a?
e
In base 4, what is -22 + 20010?
13322
In base 11, what is -574 + -6?
-57a
In base 16, what is -1efa - -4?
-1ef6
In base 8, what is -307 - -4?
-303
In base 9, what is 14 - 773?
-758
In base 6, what is 5 - 2?
3
In base 11, what is 8 - -48?
55
In base 15, what is -12 + 17?
5
In base 8, what is 11 + 104?
115
In base 4, what is 1 - -1130?
1131
In base 13, what is 12 - b0?
-9b
In base 5, what is -22140 + 0?
-22140
In base 13, what is -1b - 11?
-2c
In base 12, what is -86 + -4?
-8a
In base 8, what is 5 + -252?
-245
In base 3, what is 1012011 + -2?
1012002
In base 3, what is -1001120 - -2?
-1001111
In base 4, what is -12 + 21?
3
In base 8, what is -4 + -1617?
-1623
In base 13, what is -6 + -bc8?
-c01
In base 7, what is 5 + 1166?
1204
In base 4, what is -2 - -1023?
1021
In base 3, what is -1 - 101022?
-101100
In base 13, what is 122 - 3?
11c
In base 2, what is 10101 - -101010?
111111
In base 5, what is 104 + 10?
114
In base 7, what is 2663 + -5?
2655
In base 7, what is 4254 + 2?
4256
In base 12, what is -35a + -2?
-360
In base 12, what is -11a97 + -4?
-11a9b
In base 12, what is -1 - -95?
94
In base 11, what is -121 - 2?
-123
In base 3, what is 1012 + -2?
1010
In base 11, what is -883 - -5?
-879
In base 3, what is 2 + -2002002?
-2002000
In base 6, what is -125 + 23?
-102
In base 9, what is 7628 + 4?
7633
In base 10, what is 22 + 264?
286
In base 8, what is 763 - -5?
770
In base 10, what is -4 + 186?
182
In base 14, what is -52 + -15?
-67
In base 14, what is 245 - -2?
247
In base 5, what is 3131 - 2?
3124
In base 13, what is 33 - 4?
2c
In base 4, what is 32 + 20332?
21030
In base 15, what is -6ce - 0?
-6ce
In base 11, what is -2754 - -5?
-274a
In base 14, what is 245 - -3?
248
In base 3, what is 11 - -2001?
2012
In base 11, what is -7 - -10?
4
In base 15, what is 4a + 0?
4a
In base 6, what is 4 - 152?
-144
In base 6, what is -5 + 14153?
14144
In base 15, what is -2 - 30?
-32
In base 5, what is -3 - 3233?
-3241
In base 2, what is 10 + -10111001?
-10110111
In base 4, what is -10 - 12213?
-12223
In base 5, what is 11000 + 1?
11001
In base 5, what is 11110 - 0?
11110
In base 3, what is 110 - 102020?
-101210
In base 4, what is -2 + 121?
113
In base 15, what is 180 - 5?
17a
In base 15, what is 2b - -5?
31
In base 8, what is 11 - 224?
-213
In base 8, what is -504 - 20?
-524
In base 14, what is 121 + 5?
126
In base 15, what is e5e - -2?
e61
In base 8, what is -4 + -14274?
-14300
In base 14, what is -10 - c?
-1c
In base 6, what is -32542 - -5?
-32533
In base 7, what is 13426 - -5?
13434
In base 14, what is 27 + -a?
1b
In base 16, what is 2d + fb?
128
In base 11, what is 13 - -1aa?
212
In base 2, what is -1 - -10110011111?
10110011110
In base 5, what is -4024 - -10?
-4014
In base 6, what is -4 - 21404?
-21412
In base 13, what is -62b8 - -2?
-62b6
In base 11, what is 24 - 5?
1a
In base 10, what is -947 + -22?
-969
In base 11, what is 24 - -635?
659
In base 5, what is -12122 - -4?
-12113
In base 12, what is b + -16?
-7
In base 14, what is 4 + 3c1?
3c5
In base 10, what is 367 - -8?
375
In base 15, what is -4 + -22?
-26
In base 3, what is 1 + 10?
11
In base 13, what is a + -1c?
-12
In base 15, what is 52 + 7?
59
In base 13, what is -65 - -b?
-57
In base 7, what is 364 + 41?
435
In base 2, what is 11010 + 10100?
101110
In base 14, what is -297 - -6?
-291
In base 12, what is 3 - -93?
96
In base 8, what is -160 - 34?
-214
In base 7, what is -1501 + 1?
-1500
In base 8, what is 555 + -3?
552
In base 15, what is -1985 - 2?
-1987
In base 8, what is -4 - 244?
-250
In base 4, what is 10 + 2230?
2300
In base 6, what is -2 - 10?
-12
In base 16, what is -13d + 19?
-124
In base 10, what is 27 - 77?
-50
In base 3, what is -100021120 - 0?
-100021120
In base 10, what is -3 + -145?
-148
In base 12, what is -55 - 22?
-77
In base 6, what is -4 + 125?
121
In base 11, what is -3 - -1758?
1755
In base 15, what is 5 + 3c8?
3cd
In base 11, what is -2 + 3572?
3570
In base 7, what is -2053 - 51?
-2134
In base 16, what is 46 + 23?
69
In base 6, what is 102 + -5?
53
In base 5, what is -3014 + 1?
-3013
In base 9, what is -5 - -550?
544
In base 3, what is -2 + 10010?
10001
In base 14, what is -2 + -121c?
-1220
In base 7, what is 2332 - -2?
2334
In base 8, what is -6 + -437?
-445
In base 5, what is -3 - -103?
100
In base 16, what is -